tiple of 47?
False
Does 401 divide 69838?
False
Does 45 divide 585?
True
Does 21 divide 747?
False
Is 50685 a multiple of 109?
True
Does 29 divide 603?
False
Is 14 a factor of 1622?
False
Is 10 a factor of 43146?
False
Is 633 a multiple of 3?
True
Is 21 a multiple of 7?
True
Is 4988 a multiple of 172?
True
Is 11946 a multiple of 268?
False
Is 4 a factor of 1096?
True
Is 71 a factor of 32660?
True
Is 12483 a multiple of 19?
True
Is 1050 a multiple of 105?
True
Is 84255 a multiple of 16?
False
Is 7140 a multiple of 20?
True
Is 371 a multiple of 10?
False
Is 16 a factor of 5156?
False
Is 32 a factor of 448?
True
Is 15 a factor of 14910?
True
Is 3 a factor of 245?
False
Does 50 divide 22928?
False
Does 7 divide 927?
False
Does 20 divide 55660?
True
Is 9 a factor of 549?
True
Is 19 a factor of 1767?
True
Is 7709 a multiple of 13?
True
Is 17 a factor of 4029?
True
Does 29 divide 116?
True
Does 10 divide 15805?
False
Does 6 divide 84?
True
Does 28 divide 364?
True
Is 1178 a multiple of 19?
True
Is 7074 a multiple of 67?
False
Is 32636 a multiple of 113?
False
Is 3721 a multiple of 2?
False
Is 38 a factor of 968?
False
Does 9 divide 3114?
True
Does 7 divide 9442?
False
Does 11 divide 1925?
True
Is 21756 a multiple of 12?
True
Is 6903 a multiple of 42?
False
Is 25 a factor of 3871?
False
Is 1629 a multiple of 44?
False
Is 53048 a multiple of 6?
False
Is 195 a multiple of 13?
True
Is 43 a factor of 12178?
False
Is 1665 a multiple of 6?
False
Is 819 a multiple of 4?
False
Is 11 a factor of 12551?
True
Is 3 a factor of 9?
True
Does 10 divide 1465?
False
Is 174 a factor of 19913?
False
Does 46 divide 1507?
False
Is 3 a factor of 9833?
False
Is 4070 a multiple of 68?
False
Is 1136 a multiple of 45?
False
Is 5823 a multiple of 9?
True
Is 450 a multiple of 45?
True
Does 19 divide 2185?
True
Does 10 divide 790?
True
Is 98 a factor of 19110?
True
Is 2774 a multiple of 16?
False
Is 151 a factor of 1208?
True
Does 4 divide 165?
False
Is 1075 a multiple of 16?
False
Is 16 a factor of 4464?
True
Is 509 even?
False
Is 9 a factor of 2344?
False
Does 36 divide 10755?
False
Is 4095 a multiple of 13?
True
Does 99 divide 13443?
False
Is 25 a factor of 1300?
True
Is 39 a factor of 4602?
True
Is 1046 a multiple of 8?
False
Is 422 a multiple of 2?
True
Is 133 a factor of 19285?
True
Does 19 divide 18813?
False
Is 18 a factor of 1205?
False
Is 5 a factor of 323?
False
Is 57 a multiple of 2?
False
Is 15 a factor of 47224?
False
Is 69 a factor of 1104?
True
Does 18 divide 624?
False
Is 1801 a multiple of 51?
False
Is 1080 a multiple of 12?
True
Is 3467 a multiple of 58?
False
Is 16 a factor of 14055?
False
Does 3 divide 2208?
True
Does 3 divide 5643?
True
Is 57 a factor of 764?
False
Does 188 divide 14256?
False
Is 5 a factor of 7730?
True
Is 10418 a multiple of 13?
False
Is 4847 a multiple of 30?
False
Is 82 a multiple of 82?
True
Is 17 a factor of 11496?
False
Is 627 a multiple of 8?
False
Does 27 divide 5400?
True
Does 20 divide 1240?
True
Does 64 divide 1814?
False
Does 17 divide 323?
True
Is 19 a factor of 15713?
True
Is 7419 a multiple of 3?
True
Is 33 a factor of 9964?
False
Is 15 a factor of 1314?
False
Does 15 divide 62685?
True
Is 1404 a multiple of 36?
True
Does 41 divide 1449?
False
Does 6 divide 10662?
True
Is 108 a factor of 3709?
False
Is 60 a factor of 2614?
False
Does 16 divide 13378?
False
Is 31 a factor of 27249?
True
Is 13484 a multiple of 31?
False
Does 64 divide 780?
False
Is 2128 a multiple of 7?
True
Is 14350 a multiple of 287?
True
Does 10 divide 1931?
False
Is 4 a factor of 6982?
False
Is 152 a factor of 40601?
False
Is 126 a factor of 135775?
False
Is 1127 a multiple of 4?
False
Is 567 a multiple of 21?
True
Is 151 a multiple of 88?
False
Does 33 divide 1419?
True
Is 58 a factor of 12064?
True
Does 9 divide 396?
True
Is 38 a factor of 418?
True
Does 19 divide 2622?
True
Does 23 divide 69?
True
Is 74 a factor of 296?
True
Does 3 divide 1377?
True
Is 360 a multiple of 60?
True
Is 12 a factor of 1008?
True
Does 21 divide 8379?
True
Is 23 a factor of 2208?
True
Is 10 a factor of 315?
False
Does 58 divide 6635?
False
Is 154 a factor of 35738?
False
Is 450 a multiple of 25?
True
Does 14 divide 23138?
False
Is 261 a factor of 10321?
False
Is 6 a factor of 912?
True
Does 2 divide 702?
True
Is 4892 a multiple of 28?
False
Is 1005 a multiple of 5?
True
Is 256 a multiple of 24?
False
Is 8586 a multiple of 27?
True
Is 1079 a multiple of 3?
False
Is 14385 a multiple of 5?
True
Is 37 a factor of 587?
False
Is 62 a factor of 254?
False
Is 67334 a multiple of 262?
True
Is 633 a multiple of 14?
False
Does 38 divide 266?
True
Does 5 divide 547?
False
Is 8 a factor of 12954?
False
Does 117 divide 4446?
True
Is 21 a factor of 588?
True
Is 80 a factor of 13291?
False
Is 12078 a multiple of 28?
False
Is 61 a factor of 3105?
False
Is 21 a factor of 1039?
False
Does 18 divide 3225?
False
Does 103 divide 1991?
False
Is 4060 a multiple of 58?
True
Is 522 a multiple of 3?
True
Does 196 divide 3724?
True
Is 62 a factor of 68220?
False
Is 24 a factor of 11839?
False
Does 155 divide 47895?
True
Does 27 divide 7425?
True
Is 13 a factor of 356?
False
Is 882 a multiple of 14?
True
Does 30 divide 1011?
False
Does 45 divide 360?
True
Does 58 divide 1467?
False
Is 64 a factor of 7887?
False
Is 45075 a multiple of 6?
False
Is 1680 a multiple of 12?
True
Is 61 a factor of 831?
False
Does 17 divide 1547?
True
Is 1260 a multiple of 16?
False
Is 324 a multiple of 36?
True
Does 13 divide 3129?
False
Is 34983 a multiple of 13?
True
Is 12 a factor of 1320?
True
Is 136 even?
True
Is 12 a factor of 496?
False
Is 245 a multiple of 49?
True
Does 85 divide 529?
False
Does 2 divide 461?
False
Is 5376 a multiple of 5?
False
Is 2056 a multiple of 4?
True
Does 7 divide 868?
True
Is 324 a multiple of 9?
True
Is 4904 a multiple of 9?
False
Is 3260 a multiple of 20?
True
Does 10 divide 300?
True
Is 55 a factor of 70206?
False
Does 4 divide 44?
True
Does 9 divide 220?
False
Is 76 a factor of 3586?
False
Is 45 a factor of 3597?
False
Is 21 a factor of 62853?
True
Is 1421 a multiple of 203?
True
Is 30 a multiple of 8?
False
Is 22 a factor of 2854?
False
Is 147 a multiple of 23?
False
Is 47 a factor of 11624?
False
Does 41 divide 1190?
False
Does 33 divide 1056?
True
Is 94 a factor of 13818?
True
Is 61 a factor of 9831?
False
Does 104 divide 16120?
True
Is 276 a multiple of 23?
True
Is 14 a factor of 3248?
True
Is 4 a factor of 389?
False
Does 181 divide 76876?
False
Does 13 divide 1248?
True
Is 164 a factor of 35752?
True
Does 27 divide 14393?
False
Is 8 a factor of 2072?
True
Does 14 divide 448?
True
Does 64 divide 20736?
True
Is 37 a factor of 8291?
False
Does 46 divide 4975?
False
Does 39 divide 4680?
True
Is 32389 a multiple of 12?
False
Is 26013 a multiple of 23?
True
Is 995 a multiple of 9?
False
Does 25 divide 825?
True
Is 19 a factor of 570?
True
Does 4 divide 462?
False
Is 2857 a multiple of 32?
False
Does 3 divide 2559?
True
Is 6 a factor of 540?
True
Is 156 a factor of 12859?
False
Is 10 a factor of 2570?
True
Is 28 a factor of 28812?
True
Is 2 a factor of 1035?
False
Does 10 divide 8800?
True
Is 34 a factor of 496?
False
Is 684 a multiple of 36?
True
Is 23014 a multiple of 74?
True
Is 2050 a multiple of 25?
True
Does 18 divide 2790?
True
Does 110 divide 26400?
True
Does 12 divide 7152?
True
Does 5 divide 2714?
False
Is 21567 a multiple of 78?
False
Is 45 a factor of 134?
False
Is 1775 a multiple of 25?
True
Is 612 a multiple of 9?
True
Does 4 divide 131?
False
Is 4326 a multiple of 8?
False
Is 11 a factor of 18934?
False
Does 8 divide 608?
True
Is 48 a factor of 25884?
False
Does 10 divide 31?
False
Is 15 a factor of 5076?
False
Is 17 a factor of 39134?
True
Is 310 even?
True
Is 1456 a multiple of 79?
False
Is 14214 a multiple of 46?
True
Is 83 a factor of 17596?
True
Is 4 a factor of 61?
False
Is 252 a multiple of 63?
True
Is 11128 a multiple of 13?
True
Is 23534 a multiple of 82?
True
Is 4 a factor of 16?
True
Does 5 divide 101?
False
Is 4420 a multiple of 12?
False
Is 85312 a multiple of 86?
True
Is 61 a factor of 3965?
True
Does 93 divide 1667?
False
Does 285 divide 25365?
True
Does 12 divide 766?
False
Is 659 a multiple of 2?
False
Does 24 divide 1150?
False
Is 27678 a multiple of 21?
T